7
Let g = 34 + -38. Let y(c) = -2*c - 5. Let h be y(g). List the prime factors of -20*((-115)/20 + h).
5, 11
Let t = 213 + -128. Suppose -b = 14 - t. Let d = b + -50. List the prime factors of d.
3, 7
Let m be (14/21)/((-2)/(-477)). Suppose 0 = -3*p + m + 108. Let j = p - -3. What are the prime factors of j?
2, 23
Let b(v) = -4*v**2 - 21*v + 6. Let h be b(8). Let s = h - -727. What are the prime factors of s?
3, 103
Let h be 1/(-6) - (6 - (-20933)/(-66)). Let c = h + 296. What are the prime factors of c?
607
Suppose -38*m - 731 = 5*m. List the prime factors of 2 - -1012 - m/(85/20).
2, 509
Suppose -4*y = -2*k + 4192, 0 = -y + 6*y + 10. Suppose 15131 = 13*a + k. What are the prime factors of a?
17, 59
Let s = 990 + -290. Suppose -3*z = -2*z - 2*m - 184, -4*z = 4*m - s. Let p = -47 + z. List the prime factors of p.
131
Let u = 22899 + -10431. What are the prime factors of u?
2, 3, 1039
Let k = 1647 + 169. List the prime factors of k.
2, 227
Suppose 0 = 17*v - 6*v - 165. Let c be (v - 20)*(-1 + 2 + -2). Suppose -87 - 283 = -c*o - 2*b, 5*o - 360 = -4*b. What are the prime factors of o?
2, 19
Let y(z) be the second derivative of 25/2*z**2 + 17*z + 2/3*z**3 + 0 - 1/12*z**4. List the prime factors of y(7).
2
Let a(n) = n**3 + 8*n**2 + 3*n + 3. Let l be a(-7). Let p = 34 - l. Suppose -2*k + 4 = 0, -2*m - 2*k = p*k - 128. List the prime factors of m.
59
Suppose 2*o + 86 = 18. Let n = 32 + o. What are the prime factors of (-147)/(-5) + n/5?
29
What are the prime factors of (275924/66 - 7) + 1/3?
2, 2087
Let p(x) = 6 - 47*x**2 + x**3 + 7*x + 95*x**2 - 47*x**2. List the prime factors of p(6).
2, 3, 5
What are the prime factors of ((5 + -67941)/2 - 8)/(-5 + 4)?
2, 31, 137
Let h(a) = -16*a**3 - 3*a - 2. Let d be h(-2). Suppose 0 = 3*s - 6*s + d. Suppose -6*n + 148 = -s. List the prime factors of n.
2
Let o(y) = -3*y**2 - y - 5*y - 6 + 0*y + 2*y**3. Let p be (-6)/(-4)*(-10)/(-3). List the prime factors of o(p).
139
Let q(l) = -11*l - 3. Let c(i) = i**3 + 13*i**2 - 5*i - 16. Let o be c(-13). Suppose 59 - o = -5*y. What are the prime factors of q(y)?
19
Let g(i) = -2*i**3 - 7*i**2 + 18*i + 6. Let x be g(-11). Suppose -2*c + 552 = r, 2*r + x = 5*r - 5*c. List the prime factors of r.
2, 3, 7, 13
Let s = -11 + 16. Suppose -y = -5*y - 16, -4*r - 5*y = -1448. Suppose -4*i = -3*t - 255 - 38, r = s*i - 3*t. List the prime factors of i.
2, 37
Let f(u) = -16865*u + 4219. What are the prime factors of f(-2)?
137, 277
Let q(l) = 9865*l**3 - 10*l**2 + 25*l - 15. List the prime factors of q(1).
5, 1973
Let x be 306/(-68)*202/(-3). Suppose n - 122 = x. What are the prime factors of n?
5, 17
What are the prime factors of (-2)/8 + 4295/60 - (-5)/(-15)?
71
List the prime factors of (-13492476)/(-702) - (-28)/(-546).
2, 5, 31
Let l(u) = u**3 - 14*u**2 + 42*u + 1. Let z be l(10). Suppose 2*d - z = 2*b + 53, -5*b - 25 = -d. What are the prime factors of d?
2, 5
Let n(d) = -5*d + 150. Let f(z) = -1. Let k(q) = -5*f(q) + n(q). What are the prime factors of k(-18)?
5, 7
Let s = -99 + 101. Suppose 0 = s*r - 4*r + 3*x + 572, -r + x + 286 = 0. Suppose 4*c = 4*i + 652, -r = -4*c + 5*i + 368. List the prime factors of c.
7, 23
Suppose 0 = 4*a - 2*t - 9824, 5*a = 4*t + 11238 + 1048. Suppose -a = -11*l + 1605. List the prime factors of l.
3, 41
Suppose 4*g + 4*n = 23920, -4*g + 15*n - 25*n = -23944. What are the prime factors of g?
2, 3, 83
Suppose -5*q - 3*g = -38182, -3*q = 2433*g - 2437*g - 22915. List the prime factors of q.
7, 1091
Let l = 11724 + -11594. What are the prime factors of l?
2, 5, 13
Let n(v) be the first derivative of -v**2 - 2*v - 9 + 101/3*v**3. List the prime factors of n(-1).
101
Let o be (1 + 25/2)*464/(-12). Let i = o - -616. List the prime factors of i.
2, 47
Let o(u) = -u**2 + 31*u + 47. Let x be o(27). Let y = x + 343. What are the prime factors of y?
2, 3, 83
Suppose 120 = 3*n + 5*n. Suppose 4*b = n + 1. What are the prime factors of 72 + (4/1)/b?
73
Let i be 4839/4*(11 - 174/18). Suppose -301*v = -302*v + i. What are the prime factors of v?
1613
Suppose 10*i - 4*i - 7257 = -5*n, -4*i = -8. List the prime factors of n.
3, 7, 23
Let a(s) = s**3 - 5*s**2 + 2*s - 3. Let f(j) = j. Let o be f(5). Let l be a(o). Suppose l*g = 2*g + 435. List the prime factors of g.
3, 29
Suppose -5338739 = -170*n + 7*n. List the prime factors of n.
7, 4679
Let y be ((-38)/95)/(-1*2/400). Let o = -82 + y. List the prime factors of o/(-13) + (-35060)/(-260).
3, 5
Let z be 2/7 + 2 + (-96468)/(-21). Suppose -52*b + 46*b = -z. What are the prime factors of b?
2, 383
Suppose 3*c - 5*u = 2965, -1940 = -2*c + u - 5*u. Let n = -364 + c. List the prime factors of n.
2, 7, 11
Suppose 35316 = 28*v - 10*v. Suppose 717 = -5*r + v. List the prime factors of r.
3, 83
Suppose 5*y + 10 = f, 3*y + 4 = -y. Suppose -5*j - 5*i = -301 - 349, 0 = -f*j - 2*i + 659. Suppose -3*z + 83 + j = 0. What are the prime factors of z?
2, 3
Let s = 756 - 476. Let g be 1 + 4 + s - 1. Suppose i + 4*m = 4*i - 432, -4*m - g = -2*i. List the prime factors of i.
2, 37
Let j be (-19)/(133/(-98)) + 3. Suppose -16*g + 5*x - 145 = -j*g, 4*g + 4*x = 644. List the prime factors of g.
3, 5, 11
Let x be ((-375)/20)/((-2)/(-40)). Let d = -228 - x. Let w = -70 + d. List the prime factors of w.
7, 11
Suppose 0 = -k - 3*k - 2*n + 674, k - n - 167 = 0. Suppose w - 92 = -3*f + k, 2*f - 1040 = -4*w. List the prime factors of w.
2, 5, 13
Let o be (-4)/(-6) + (-442)/(-3). Suppose 194 - 1247 = -13*b. Let d = o - b. What are the prime factors of d?
67
Let t(z) = 5496*z + 12516. List the prime factors of t(10).
2, 3, 5623
Let w = 178 - -314. Let g = -160 + w. List the prime factors of g.
2, 83
Let m = 23123 + -1763. List the prime factors of m.
2, 3, 5, 89
Let d(y) = 47*y**2 + 27*y + 10. Let p(s) = -23*s**2 - 14*s - 7. Let b(j) = -4*d(j) - 9*p(j). What are the prime factors of b(-6)?
599
Let l be 7*(-36)/840*-10. Let m(n) = n**2 + 6*n - 3. Let q be m(-7). List the prime factors of (-51)/l*q/8*-12.
2, 3, 17
Let p = 23398 - 5709. What are the prime factors of p?
7, 19
Let c(t) = -27*t**3 + 3*t**2 + 3*t. Let y be c(-2). Suppose 11*z + 9 = -y. Let i(w) = -6*w - 50. What are the prime factors of i(z)?
2, 19
Let b(g) = -g**3 - 11*g**2 + 5. Let i be b(-11). Suppose -i*w = 629 - 2464. What are the prime factors of w?
367
Suppose 6 = 3*k + 51. Let t be ((1 - 0) + 0)*(k - 36). What are the prime factors of -3 - (t - (-3 - 0))?
3, 5
Suppose 4*f - 411 - 3189 = 0. Suppose -10 = -0*t + 2*t, -3*q = -3*t - f. What are the prime factors of q?
5, 59
Suppose 75*b + 119155 = -20*b + 2948255. What are the prime factors of b?
2, 5, 1489
Let p(h) = 1. Let v(t) = -t**2 - 29*t - 19. Let y(b) = -2*p(b) + v(b). List the prime factors of y(-15).
3, 7
Let w(a) = 2*a + 13. Let q be w(-6). Let m(i) be the third derivative of 29*i**6/120 + i**5/60 - i**4/8 + i**3/3 - 2*i**2. What are the prime factors of m(q)?
29
Let w(z) = 3*z + 48. Let c be w(13). Suppose -6*x + c = 21. What are the prime factors of (-137)/(-1) + (-33)/x?
2, 67
Let m(l) = 2*l**2 + 20*l - 65. Let t be m(8). Suppose -5*b + 1115 = -5*h, -b + 11*h - 16*h + t = 0. List the prime factors of b.
223
List the prime factors of -5018*(19 + 893/(-38)).
3, 13, 193
Let h(z) = -5*z**3 - 2*z**2 - z + 2. Let c be h(2). Let w = -1283 - -1288. What are the prime factors of (-1)/(w/(-242)) + c/120?
2, 3
Let n be -133 - -2*1/(-2). Let k be (340/20 - 18)*-151. Let p = n + k. List the prime factors of p.
17
Suppose -1 = -11*f - 463. What are the prime factors of (-3)/(-7) + (-34044)/f?
811
Let a = -10 - -24. Let o = a - 12. Suppose 0 = o*v - 0*v + 4*d - 52, 5 = 5*d. What are the prime factors of v?
2, 3
Let j be 9/18 - (-2 + (-3)/2). Let f be ((-885)/j)/(18/(-48)). Suppose -70 = 10*z - f. What are the prime factors of z?
2, 13
Let q = 838 - 836. What are the prime factors of (-3155)/q*5*22/(-275)?
631
Let x(l) = 5*l - 51. Let i be x(10). List the prime factors of i/9 + 26072/72.
2, 181
Let u(v) = v**3 - 20*v**2 + 11*v - 17. Let d be u(20). Suppose s = 2*n + d, 4*n - 100 = 5*n + s. Let i = 17 - n. What are the prime factors of i?
2, 59
Suppose 1768*v + 87022 = 1748*v + 849322. What are the prime factors of v?
3, 5, 7, 11
List the prime factors of 6 + ((-105946)/(-6) - (-66)/198).
2, 3, 23
List the prime factors of 4/(8/23110) 